
Let r(t) = -4*t + 11. What is the units digit of r(-5)?
1
Suppose 3*n = -4*g + 205, 4*g - 2*n = 88 + 102. What is the units digit of g?
9
Let c = -25 - -14. Suppose h - 3*h + 12 = 0. Let j = h - c. What is the units digit of j?
7
Let q be ((-180)/(-25))/(1/5). Suppose n - 64 = -3*a, 2*a + 2*n - q = -0*n. What is the units digit of a?
3
Let l = 2 - 0. Suppose -u = -3*c - 2, 2*u - 1 = -l*c + 3. What is the units digit of 3 + (-3 - -2) - c?
2
Suppose -2*y - 4*h + 186 = y, -h - 333 = -5*y. What is the units digit of y?
6
Let k = 1 + 2. Suppose k*x + n - 99 = -n, -50 = -x + 5*n. What is the tens digit of x?
3
Suppose 0*c - 5*c = -10. Let h be c/(3 - 1) - -3. Suppose 0*y - h = -y. What is the units digit of y?
4
Let q(m) be the second derivative of m**4/12 - m**3/3 - m**2/2 - 14*m. Let u be (2 - 0)/((-2)/(-3)). What is the units digit of q(u)?
2
Let r(n) = n**2 - 4*n + 7. Let m be r(5). Suppose -f = -m - 28. What is the tens digit of f?
4
Let l(d) be the second derivative of -d**3/2 - 5*d**2/2 - 4*d. What is the tens digit of l(-7)?
1
Let n be (-4)/(-14) + (-57)/(-21). Suppose 4*b + 3*t + 11 = 0, n*t - 2*t + 1 = 0. What is the tens digit of (-852)/(-54) + b/(-9)?
1
Suppose 0 = 3*w - 4*r + 11, 4*w + 52 = -2*r - 2*r. Let p = w - -27. What is the units digit of p?
8
Suppose -v + 2*v = q + 4, 5*q + 18 = 4*v. Let g = q - -3. What is the units digit of (-2 + g)/((-2)/8)?
4
Let j(d) = -d**3 - 7*d**2 - d + 9. Let t be 1*-4*55/20. Let v = 4 + t. What is the units digit of j(v)?
6
Suppose i = 3*q - 71, 2*i = 5*q + i - 115. Suppose 5*g - q = 2*t, 3*g - 3*t + 2*t - 13 = 0. What is the units digit of g?
4
Suppose 12 = 179*g - 175*g. What is the units digit of g?
3
Let m = -6 + 5. What is the tens digit of m/(-1*2/44)?
2
Let n(p) = -3*p**3 - p - 2. Let s(q) = 2*q + 4. Let u be s(-3). What is the units digit of n(u)?
4
Let i be 2/9 - (-1514)/(-9). What is the units digit of (-15)/(-6)*i/(-35)?
2
Let u be (1 - 2)/((-1)/2). Let o be (u - 2)*1/(-2). Suppose o = f + h - 6 - 0, -5*h = -2*f + 40. What is the units digit of f?
0
Let d = 10 - 14. Let l(p) = 5*p**3 - 2*p**2 - 2*p - 1. Let s be l(-1). Let v = d - s. What is the units digit of v?
2
Let o(h) = -h + 19. What is the units digit of o(6)?
3
Suppose 3 = 5*v + 8, 17 = 5*j - 2*v. Suppose 9 = -2*o + j*o. What is the units digit of o?
9
Let s = -20 + 26. What is the units digit of s?
6
What is the tens digit of 4/10 - 136/(-10)?
1
Suppose 3*y - 8 = 4. Suppose 2 = y*v - 78. What is the tens digit of v?
2
Let v = 81 + -53. What is the tens digit of v?
2
Suppose -4*g + 578 = 2*v, 4*g = -0*g - 5*v + 575. What is the units digit of g?
5
Suppose o + o = 0. What is the tens digit of (-3 + o)/((-3)/16)?
1
Let q be 6/45 + (-388)/(-15). What is the tens digit of (-3)/(q/9 - 3)?
2
Let c(l) be the second derivative of l**3/3 + l**2 - l. Let y be c(-6). Let z(t) = -t**2 - 9*t + 13. What is the units digit of z(y)?
3
What is the tens digit of 217 - (4 + 1) - 1*-2?
1
Suppose -3 = -k + 1. Let t(v) = -v**2 + 6*v - 4. What is the units digit of t(k)?
4
Let w(a) = -a + 1. Let r be w(11). Let q(z) = z + 21. What is the tens digit of q(r)?
1
Suppose 0 = 4*w + 3*l + 2*l - 65, 4*w + l - 61 = 0. Suppose 3*r - 3*g - w = r, g = -4*r + 51. What is the tens digit of r?
1
Suppose -5*z + 4*m + 297 = 0, -240 = -4*z + 2*m - 0*m. Let x = -35 + z. What is the tens digit of x?
2
Suppose -62 = 5*m - 7. Let r = m + 17. What is the units digit of r?
6
Suppose -4*v + 540 = 2*v. What is the units digit of v?
0
Let d = 9 + -7. Let f be (0 - 0) + d/(-2). What is the tens digit of -1 + f + 42/2?
1
Let y(h) = -h**2 + 4*h + 4. Suppose -3*w + 16 = 4. What is the units digit of y(w)?
4
Suppose 0*b = 2*b + 80. Let k = 57 + b. What is the units digit of k?
7
Let y(z) = z**2 + 6*z + 7. Let v be y(-5). What is the tens digit of 1/v - 66/(-4)?
1
Suppose 0*u - 5*u - 30 = 0. Let f = 15 + u. What is the units digit of f?
9
What is the tens digit of -5*(-9)/(-6)*(-96)/20?
3
Let s = 11 + -13. What is the units digit of 624/28 - s/(-7)?
2
Suppose 0 = 2*f - 5*y - 61, 3*f - 2*y + y - 72 = 0. What is the tens digit of f?
2
Let d = 4 + -3. Let q = 17 - d. What is the tens digit of q?
1
Let s(n) = 40*n + 12. What is the hundreds digit of s(6)?
2
Let z(m) = m**3 - 2*m**2 - 6*m + 3. Let q be z(5). Suppose 0*u = 3*u - q. What is the tens digit of u?
1
Suppose 0 = -35*m + 30*m + 100. What is the units digit of m?
0
Let c be 1/((-2)/(-2))*11. Let m(g) = 2*g**2 - 5*g**2 + 6 + 2*g**2 - 2 + 11*g. What is the units digit of m(c)?
4
Let k(d) = 51*d**2 - 2*d + 2. What is the units digit of k(1)?
1
Suppose -5*f = 2*o - 10, 5*f = -0*f - o + 15. What is the units digit of 11*1 + (7 - f)?
4
Suppose 39*l = 42*l - 189. What is the units digit of l?
3
Let n = 36 + 16. What is the units digit of n?
2
Let n(q) = -q**2 + 5*q - 2. Let m be n(4). Let d be (m + (-15)/9)*0. Suppose -4*z + 2*s + d = -6, 0 = 3*s - 9. What is the units digit of z?
3
Let n = -36 - -119. What is the units digit of n?
3
Let v(n) = 2*n**2 + 7*n + 3. Let x = -5 + 19. Suppose -4 = -2*p - x. What is the tens digit of v(p)?
1
Suppose -c = -6 + 1. What is the units digit of c?
5
Let q be ((-10)/(-3))/((-3)/(-9)). Suppose -2*s + 2*m + 6 = 0, s - q = -2*m - 4. Suppose 0 = s*w - 0*w - 68. What is the units digit of w?
7
Let j = 545 + -328. What is the hundreds digit of j?
2
Suppose a + 7 = 34. What is the tens digit of a?
2
Let y = -1 + 5. Suppose y*g - 3*g = 19. What is the tens digit of g?
1
Suppose 15*u = 20*u - 280. Let t = u + -11. What is the tens digit of t?
4
Let s(i) = -i**3 + 6*i**2 - 4*i. Let m be s(5). Let g = -9 + m. What is the units digit of -6*(2 + 10/g)?
3
What is the units digit of ((-56)/(-6))/((-3)/(-9))?
8
Let k(q) = -q - 4. Let r be k(-4). Suppose r*d - 2*f + 15 = 3*d, -2*d + 21 = 5*f. What is the units digit of d?
3
Let n = 578 + -283. What is the units digit of n?
5
Let j(x) = -x**2 - 1. Let k be j(0). What is the units digit of k + 8 + (1 - -2)?
0
Suppose -4*y + y + 120 = 4*a, 6 = 2*a. Suppose 2*w = -2*w - 2*f + y, w - 9 = 4*f. What is the units digit of w?
9
What is the units digit of 11 + 9 - (1 + (-2 - 1))?
2
Let m be (6/(-9))/(10/(-615)). Suppose 3*s - m = 1. What is the tens digit of s?
1
Let h(d) = -3*d + 23. Let j be h(8). Let m be (2/3)/((-4)/(-18)). Let p = j + m. What is the units digit of p?
2
Let i(x) = -x**3 + 2*x**2 + 3*x - 3. Suppose -8 = -t - 3*t. Suppose 2 = t*r, 0 = -q - 2*r + 6*r - 2. What is the units digit of i(q)?
3
What is the tens digit of (1/3)/(1/105)?
3
What is the tens digit of (2/3)/(-1*4/(-1194))?
9
Let r be (-4)/(-18) - 133/(-9). Let s = 6 - r. Let n = s - -13. What is the units digit of n?
4
Suppose 55 = -3*x + 7. Let c be (3/2)/((-6)/x). What is the units digit of (11 - -3)*2/c?
7
Let h(j) = -j + 43. What is the units digit of h(5)?
8
Let a = -2 - -7. Suppose 0 = -a*m - 20, 2*w + m - 2 = 2. What is the units digit of w?
4
Let v(w) = 8*w**2 + 2*w + 2. What is the units digit of v(-1)?
8
Let r = 14 + -9. Suppose r*z = 3*i - 78, 0*i - 3*i + 3*z = -78. What is the units digit of i?
6
Let i(j) = -18*j**3 + 2*j**2 + j. Let w(a) = -a**2 + 8*a - 9. Let k be w(6). Suppose 0 = 5*p - 2*g - k*g + 10, 3 = -p + 2*g. What is the tens digit of i(p)?
1
Let h = 8 - 5. What is the units digit of 25 + (0 - 3) - h?
9
Let y = 61 - 59. What is the units digit of y?
2
Suppose 3*a - 2*g - 518 = 0, 0 = -2*g + 8 + 2. What is the hundreds digit of a?
1
Suppose 3*z - 3*i - 24 = 0, -4*z + 1 = i - 16. Suppose -z*p + 5*g = 40, -5*g = -0*p - 4*p - 30. Let r = p - -19. What is the units digit of r?
9
Let c = -18 - -26. Let y be (-2)/(2*2/(-10)). Suppose -t + y*t = c. What is the units digit of t?
2
Suppose 6 = -n - 2*a, 5*a = -n - 4 - 8. Let b = 0 - n. Let p = b + 12. What is the tens digit of p?
1
What is the hundreds digit of 1545/(-10)*((-2)/3 - 0)?
1
Suppose f - 3 = 2*g, 5*g = 2*f + 2*f - 12. Suppose o + 4*o - 4*t - 77 = g, 32 = 2*o - 2*t. What is the tens digit of o?
1
Let q(n) be the second derivative of n**4/12 - n**3/6 + n**2 - 2*n. Let h be q(4). What is the units digit of (-124)/(-7) + 4/h?
8
What is the units digit of -4 + (-212 - -4)/(-4)?
8
Let z = 19 + -15. Suppose -3*f + 16 = -2*g - 5*f, 9 = 2*g - 3*f. Let n = z + g. What is the units digit of n?
1
Let b(v) = -2*v - 1. What is the units digi